16283639?
113, 144103
What are the prime factors of 1188034422?
2, 3, 2719, 72823
List the prime factors of 40861736.
2, 5107717
What are the prime factors of 33252652?
2, 163, 51001
What are the prime factors of 124707011?
11, 13, 872077
What are the prime factors of 1949436379?
11, 177221489
List the prime factors of 929715259.
11, 887, 95287
List the prime factors of 618236088.
2, 3, 797, 32321
What are the prime factors of 382895425?
5, 11, 37, 311
List the prime factors of 1975568175.
3, 5, 7, 1254329
List the prime factors of 2072943974.
2, 71, 139, 105023
List the prime factors of 223336065.
3, 5, 14889071
List the prime factors of 42731103.
3, 14243701
What are the prime factors of 42874702?
2, 13, 29, 101, 563
List the prime factors of 38593857.
3, 389, 33071
What are the prime factors of 1478154623?
11, 61, 2202913
List the prime factors of 42725163.
3, 13, 67, 83, 197
What are the prime factors of 1504953911?
73, 20615807
List the prime factors of 239538724.
2, 29, 43, 48023
What are the prime factors of 402338926?
2, 11, 18288133
List the prime factors of 1183429162.
2, 17293, 34217
What are the prime factors of 3943827578?
2, 167, 11807867
List the prime factors of 260789618.
2, 661, 197269
What are the prime factors of 1204746791?
179, 479, 14051
What are the prime factors of 6193263881?
7, 884751983
List the prime factors of 43670895.
3, 5, 2911393
List the prime factors of 892784461.
17, 4337, 12109
What are the prime factors of 645152018?
2, 7, 46082287
List the prime factors of 8398660153.
13, 3331, 193951
List the prime factors of 423901051.
7, 60557293
List the prime factors of 30395309.
7, 41, 105907
What are the prime factors of 22327375?
5, 7, 17, 19, 79
What are the prime factors of 31878939?
3, 59, 389, 463
What are the prime factors of 425627082?
2, 3, 7881983
What are the prime factors of 70052472?
2, 3, 7, 107, 433
List the prime factors of 90280414.
2, 7, 73, 88337
What are the prime factors of 136075002?
2, 3, 7, 547, 5923
What are the prime factors of 120132228?
2, 3, 101, 99119
List the prime factors of 63974609.
29, 2206021
What are the prime factors of 77641451?
691, 112361
List the prime factors of 534297686.
2, 13, 37, 397, 1399
List the prime factors of 557087100.
2, 3, 5, 29, 64033
List the prime factors of 498237508.
2, 61, 2041957
List the prime factors of 1401466436.
2, 17939, 19531
What are the prime factors of 180246971?
17, 10602763
List the prime factors of 151861610.
2, 5, 15186161
List the prime factors of 74615707.
43, 59, 29411
What are the prime factors of 1938564934?
2, 521, 1860427
What are the prime factors of 47599749?
3, 71, 163, 457
What are the prime factors of 34090813?
34090813
What are the prime factors of 22913545?
5, 37, 211, 587
List the prime factors of 80827638.
2, 3, 13471273
What are the prime factors of 1518363424?
2, 193, 245849
What are the prime factors of 4542697097?
223, 1399, 14561
List the prime factors of 24748909.
24748909
What are the prime factors of 134544947?
19, 2131, 3323
List the prime factors of 951223267.
951223267
List the prime factors of 7094346981.
3, 373, 6339899
List the prime factors of 253985384.
2, 2621, 12113
What are the prime factors of 508986651?
3, 79, 2147623
List the prime factors of 439359099.
3, 2503, 58511
List the prime factors of 17762351.
487, 36473
What are the prime factors of 429206625?
3, 5, 31, 397
List the prime factors of 63781703.
63781703
What are the prime factors of 2157588137?
2089, 1032833
List the prime factors of 26549211.
3, 13, 680749
List the prime factors of 735491049.
3, 43, 643, 8867
List the prime factors of 132780672.
2, 3, 79, 1459
List the prime factors of 76756361.
11, 61, 73, 1567
List the prime factors of 12173369.
13, 936413
List the prime factors of 3027115276.
2, 47, 229, 70313
List the prime factors of 511482406.
2, 5827, 43889
What are the prime factors of 33042274?
2, 97, 181, 941
What are the prime factors of 95868406?
2, 17, 37, 76207
List the prime factors of 4181839214.
2, 7, 17, 251, 70003
List the prime factors of 1130991893.
1130991893
List the prime factors of 365379415.
5, 4889, 14947
List the prime factors of 1011078351.
3, 112342039
What are the prime factors of 158048574?
2, 3, 19, 223, 6217
List the prime factors of 354319335.
3, 5, 41, 192043
What are the prime factors of 1580844941?
13, 2083, 58379
What are the prime factors of 1443575382?
2, 3, 240595897
What are the prime factors of 254789683?
1709, 149087
List the prime factors of 1040490309.
3, 346830103
What are the prime factors of 269388240?
2, 3, 5, 11, 67, 1523
What are the prime factors of 2425668439?
31, 1787, 43787
What are the prime factors of 51226838?
2, 13, 1970263
List the prime factors of 8115859313.
17, 37, 53, 137, 1777
List the prime factors of 311819387.
11, 37, 211, 3631
What are the prime factors of 1426424984?
2, 17, 10488419
List the prime factors of 38577879.
3, 17, 252143
What are the prime factors of 2144242955?
5, 71, 1453, 4157
What are the prime factors of 2943298640?
2, 5, 36791233
List the prime factors of 42468305.
5, 11, 43, 17957
List the prime factors of 33036620.
2, 5, 251, 6581
What are the prime factors of 5507750429?
1039, 5301011
What are the prime factors of 259522750?
2, 5, 71, 14621
List the prime factors of 565633806.
2, 3, 29, 3250769
What are the prime factors of 80541404?
2, 20135351
What are the prime factors of 58604951?
239, 245209
List the prime factors of 106471212.
2, 3, 19, 127, 3677
List the prime factors of 31929960.
2, 3, 5, 266083
What are the prime factors of 53704046?
2, 11, 2441093
What are the prime factors of 602674082?
2, 3169, 95089
List the prime factors of 809268549.
3, 5101, 52883
What are the prime factors of 956157393?
3, 2467, 129193
What are the prime factors of 332894062?
2, 166447031
List the prime factors of 8095463.
19, 426077
List the prime factors of 655480234.
2, 37, 8857841
List the prime factors of 251739748.
2, 13, 4841149
List the prime factors of 9999692.
2, 2499923
List the prime factors of 2162096576.
2, 33782759
List the prime factors of 29943943.
19, 73, 21589
What are the prime factors of 2862333808?
2, 23, 7778081
List the prime factors of 48945393.
3, 7, 257, 3023
What are the prime factors of 44637130?
2, 5, 53, 84221
What are the prime factors of 1124414282?
2, 331, 1698511
List the prime factors of 63889533.
3, 19, 124541
List the prime factors of 452080134.
2, 3, 11, 23, 37, 2683
List the prime factors of 1846798533.
3, 683, 300439
What are the prime factors of 3161849525?
5, 126473981
What are the prime factors of 89154372?
2, 3, 7429531
List the prime factors of 96942024.
2, 3, 17, 79201
What are the prime factors of 339463474?
2, 7, 79, 163, 269
What are the prime factors of 159627636?
2, 3, 7, 23, 27541
What are the prime factors of 1094905467?
3, 47, 131, 19759
List the prime factors of 2543645360.
2, 5, 31795567
List the prime factors of 4644580154.
2, 20807, 111611
What are the prime factors of 218550756?
2, 3, 103, 151, 1171
List the prime factors of 4477411633.
23, 194670071
What are the prime factors of 22831007?
22831007
What are the prime factors of 653092565?
5, 9649, 13537
List the prime factors of 201483648.
2, 3, 29, 37, 163
List the prime factors of 338660562.
2, 3, 97, 581891
What are the prime factors of 468847794?
2, 3, 17, 37, 124231
What are the prime factors of 513821595?
3, 5, 7, 699077
What are the prime factors of 110992165?
5, 83, 267451
What are the prime factors of 2639660317?
7, 421, 821, 1091
What are the prime factors of 111080606?
2, 7, 13, 199, 3067
List the prime factors of 1151452995.
3, 5, 7, 11, 31, 32159
What are the prime factors of 38233874?
2, 7, 2730991
List the prime factors of 183162033.
3, 19, 307, 1163
List the prime factors of 827820092.
2, 11, 37, 508489
List the prime factors of 30001225.
5, 29, 41381
List the prime factors of 535546099.
11, 23, 2116783
What are the prime factors of 1206146429?
19, 479, 132529
What are the prime factors of 338363562?
2, 3, 251, 224677
What are the prime factors of 1732460195?
5, 346492039
List the prime factors of 217722757.
7, 17, 829, 2207
What are the prime factors of 2620912324?
2, 47, 13941023
What are the prime factors of 4128286709?
31, 131, 1016569